8?
276
What is the highest common divisor of 316302 and 103054?
238
Calculate the highest common factor of 532 and 339682.
266
What is the highest common factor of 113451 and 20121553?
2909
What is the highest common divisor of 220506465 and 15?
15
Calculate the greatest common factor of 20688820 and 39380.
3580
Calculate the highest common factor of 10167675 and 10500.
525
What is the highest common factor of 8182712 and 32?
8
Calculate the greatest common factor of 2108 and 168208914.
1054
Calculate the highest common divisor of 98 and 20008702.
14
What is the greatest common divisor of 16506 and 335286?
126
Calculate the highest common divisor of 27358632 and 126.
126
Calculate the highest common factor of 105 and 261944403.
21
What is the greatest common factor of 781491 and 2979?
993
What is the greatest common factor of 445211 and 533?
13
What is the highest common factor of 219350798 and 6064?
758
Calculate the highest common factor of 5252 and 3380268.
404
Calculate the highest common divisor of 8682014 and 44.
22
What is the greatest common factor of 2677194 and 131274?
3978
What is the greatest common divisor of 2698 and 711562?
142
Calculate the highest common factor of 305807262 and 474.
474
Calculate the highest common factor of 25292265 and 1455.
1455
Calculate the greatest common factor of 27891130 and 80.
10
Calculate the highest common divisor of 13 and 42171727.
13
Calculate the greatest common factor of 2 and 7226987.
1
Calculate the highest common divisor of 3633 and 2070291.
519
What is the highest common factor of 22704 and 37158?
66
Calculate the highest common factor of 29528 and 21507457.
3691
Calculate the greatest common factor of 44629 and 8424.
13
What is the highest common divisor of 192 and 20071608?
24
What is the highest common divisor of 30968213 and 83?
83
What is the greatest common divisor of 109616 and 15136732?
884
What is the greatest common divisor of 1364567 and 58144?
1817
Calculate the highest common factor of 14 and 47870978.
2
Calculate the highest common factor of 60960 and 9328.
16
What is the highest common divisor of 81 and 22062303?
9
Calculate the highest common divisor of 3192 and 61920432.
168
Calculate the highest common factor of 102014 and 3375736.
9274
Calculate the highest common divisor of 7954216 and 192.
8
What is the highest common factor of 86481290 and 28?
14
What is the highest common divisor of 28361 and 20104?
359
What is the greatest common factor of 414998 and 1518689?
1273
What is the highest common factor of 3012600 and 220?
20
Calculate the greatest common factor of 359865 and 880.
55
What is the greatest common factor of 527324180 and 68740?
9820
Calculate the greatest common factor of 4756 and 7337.
29
What is the highest common factor of 49 and 3182697?
49
Calculate the greatest common divisor of 33350484 and 12.
12
What is the greatest common factor of 28333340 and 700?
140
Calculate the greatest common divisor of 9629610 and 15.
15
What is the greatest common factor of 595 and 2783515?
35
What is the greatest common factor of 5348544 and 26292?
3756
Calculate the highest common divisor of 50652 and 3577644.
252
Calculate the greatest common factor of 30 and 276200840.
10
Calculate the greatest common divisor of 65860908 and 60.
12
Calculate the highest common divisor of 26595792 and 240.
48
What is the greatest common divisor of 2176140 and 156?
12
Calculate the highest common factor of 5131482 and 228.
114
What is the greatest common divisor of 113505 and 10209010?
805
Calculate the highest common factor of 32093573 and 27605.
5521
Calculate the highest common factor of 10 and 3450302.
2
What is the highest common divisor of 787164 and 903?
21
What is the highest common factor of 30437329 and 65?
13
What is the greatest common divisor of 66 and 55521246?
66
Calculate the greatest common factor of 28488966 and 39204.
726
What is the greatest common factor of 1256 and 1946957?
157
Calculate the highest common divisor of 252 and 19889226.
126
Calculate the highest common factor of 28928 and 27224864.
3616
What is the greatest common divisor of 1401470 and 120?
10
Calculate the greatest common divisor of 4 and 6617612.
4
What is the greatest common divisor of 131140 and 1802760?
1660
What is the greatest common factor of 380866 and 992?
62
Calculate the highest common divisor of 2378 and 1779355146.
2378
What is the highest common divisor of 11935 and 57269245?
1705
Calculate the highest common divisor of 4772 and 164402558.
2386
Calculate the greatest common divisor of 32768 and 1472.
64
Calculate the greatest common factor of 165320316 and 252.
252
What is the highest common divisor of 15301 and 3061487?
143
What is the highest common divisor of 242795 and 8919?
991
What is the highest common divisor of 10727040 and 666?
222
Calculate the highest common factor of 174 and 1343112.
6
Calculate the greatest common divisor of 428 and 62378111.
107
What is the highest common factor of 212240 and 50162?
14
Calculate the highest common factor of 26865 and 5836869.
1791
What is the highest common divisor of 27500 and 88038500?
5500
What is the greatest common factor of 39808 and 8704?
128
What is the highest common factor of 225883 and 26261354?
9821
What is the greatest common divisor of 99708060 and 120?
60
Calculate the highest common factor of 249271 and 33077.
341
What is the greatest common divisor of 1886552 and 105064?
184
Calculate the greatest common divisor of 10712 and 12443327.
1339
Calculate the highest common factor of 3107 and 5884658.
3107
What is the highest common factor of 33 and 7901839?
11
What is the greatest common factor of 3057642 and 882?
126
Calculate the highest common factor of 80 and 17033232.
16
Calculate the greatest common divisor of 160356 and 7107.
69
What is the greatest common divisor of 1666652 and 156?
52
Calculate the highest common factor of 5550919 and 1331.
11
What is the greatest common divisor of 173 and 7873749?
173
What is the highest common divisor of 117914 and 984086?
1102
Calculate the highest common factor of 2912865 and 370.
5
Calculate the greatest common divisor of 48561852 and 288.
12
What is the highest common divisor of 197112 and 7296?
24
What is the greatest common factor of 1755709 and 4726?
2363
Calculate the greatest common divisor of 8360 and 176131615.
1045
Calculate the greatest common divisor of 38686 and 7067532.
1334
What is the highest common factor of 98709925 and 300?
25
Calculate the greatest common divisor of 1308735964 and 1084.
1084
What is the greatest common factor of 14850 and 872586?
594
What is the highest common divisor of 763 and 36311933?
763
Calculate the greatest common divisor of 9207 and 99274896.
837
What is the greatest common divisor of 9770176 and 4459?
13
What is the greatest common factor of 1479 and 254643?
51
What is the greatest common divisor of 13867 and 36610861?
1981
What is the greatest common factor of 272384 and 3328?
256
What is the highest common factor of 678863 and 398718?
1303
Calculate the highest common divisor of 187057 and 329264.
13
Calculate the greatest common factor of 43978760 and 805.
805
Calculate the highest common divisor of 214 and 3906998.
214
Calculate the highest common divisor of 125170513 and 2483.
2483
What is the greatest common divisor of 4908 and 2804?
4
Calculate the greatest common divisor of 190311 and 77964.
219
Calculate the greatest common divisor of 10517040 and 290.
10
What is the highest common divisor of 7872 and 492535296?
7872
What is the greatest common factor of 23972960 and 24592?
848
Calculate the highest common divisor of 1928135 and 229900.
605
What is the greatest common factor of 36 and 66138426?
18
What is the highest common factor of 260 and 973232?
52
Calculate the greatest common divisor of 144 and 33540488.
8
Calculate the greatest common factor of 1369575 and 40.
5
What is the highest common factor of 53752245 and 1770?
885
Calculate the greatest common divisor of 60432744 and 606.
606
Calculate the greatest common divisor of 9014987 and 1234.
617
What is the greatest common divisor of 104023 and 6902?
493
Calculate the greatest common divisor of 291 and 92958.
3
What is the greatest common factor of 5619 and 18931